 16, what is 19 - -3cc8f?
3cca8
In base 7, what is 533 - -55151445?
55152311
In base 8, what is -11 - 27633452?
-27633463
In base 8, what is 105064301 - 5?
105064274
In base 7, what is 2252661 + -61?
2252600
In base 16, what is -8d + 1929b?
1920e
In base 12, what is -319642 - 75?
-3196b7
In base 2, what is 10010001010110 + 111000111100?
11001010010010
In base 14, what is -194 - 1db0d1?
-1db285
In base 3, what is -102100222110012212 + 1?
-102100222110012211
In base 4, what is 20311 + -110321002?
-110300031
In base 15, what is 0 - -3392a5d?
3392a5d
In base 7, what is 1106 + -12230432?
-12226323
In base 12, what is 53330 + 961?
54091
In base 10, what is -36526 + 132?
-36394
In base 4, what is 2 - 1031301200330?
-1031301200322
In base 9, what is 6554 - 1182?
5362
In base 2, what is 100101111011111 + 10101011111?
101000100111110
In base 12, what is -21 + 2477a20?
24779bb
In base 4, what is -30320021 - -20000?
-30300021
In base 10, what is -3 + -173964921?
-173964924
In base 14, what is 10 + -1d66979?
-1d66969
In base 9, what is 16664247 - -214?
16664462
In base 4, what is 2023131123021032 + 2?
2023131123021100
In base 7, what is 453 - 2151053?
-2150300
In base 12, what is -307b10 - -20?
-307ab0
In base 8, what is -4120 - -1662043?
1655723
In base 11, what is -29846 - 3?
-29849
In base 13, what is 7ba87 - 6a?
7ba1a
In base 8, what is 2266 - -101704?
104172
In base 9, what is -2655 + -332432?
-335187
In base 2, what is 101101100011110 - 1010110100?
101100001101010
In base 2, what is -11 - -10100001000111100?
10100001000111001
In base 14, what is -73656dc - 0?
-73656dc
In base 4, what is -1021310 - -203231?
-212013
In base 10, what is -21310042 - 7?
-21310049
In base 11, what is 2 + -468380?
-468379
In base 12, what is 0 - 13604802?
-13604802
In base 10, what is -582833 + -2?
-582835
In base 2, what is -1101 + 110110001110001010101?
110110001110001001000
In base 13, what is -2 + -5b46381?
-5b46383
In base 6, what is -150555 - -5051?
-141504
In base 6, what is -45 - 404111?
-404200
In base 5, what is 140140214321 + 0?
140140214321
In base 7, what is 16 + -34054021?
-34054002
In base 4, what is -323322 + 310312?
-13010
In base 4, what is -12223332 + -102123?
-12332121
In base 13, what is -3 - -70847?
70844
In base 5, what is 4 + -421244304123?
-421244304114
In base 11, what is 61 + -a812?
-a761
In base 10, what is 828905475 + 4?
828905479
In base 11, what is -6667a55 - 6?
-6667a60
In base 9, what is 21 - -21514268?
21514300
In base 15, what is 3c6 + -1878?
-14a2
In base 2, what is 10010100 - -1011001100110010?
1011001111000110
In base 2, what is 10001010 + -1010001011011?
-1001111010001
In base 12, what is -113 - -36608?
364b5
In base 8, what is 13 - -104300422?
104300435
In base 14, what is 1 + ddd2621?
ddd2622
In base 11, what is 4 + -14aaa869?
-14aaa865
In base 7, what is 3 - -6000160?
6000163
In base 3, what is 10 - -1020210121022?
1020210121102
In base 5, what is -1 + -111301411123?
-111301411124
In base 9, what is 17 + -14501063?
-14501045
In base 13, what is -36a68 - c3?
-36b5b
In base 10, what is -5104 + -5792?
-10896
In base 7, what is -2 + -624453340?
-624453342
In base 5, what is 24 + -2131241243?
-2131241214
In base 3, what is 101102010201 - 112?
101102010012
In base 9, what is 267 + 741547?
741825
In base 2, what is 100 - -111100011101011111011?
111100011101011111111
In base 3, what is 11 - -100000121222100110?
100000121222100121
In base 2, what is 1001110000101000011010 - -111?
1001110000101000100001
In base 5, what is -113 + -1121440123?
-1121440241
In base 3, what is -1222 + -10202020001222?
-10202020010221
In base 6, what is 1002 - 150134?
-145132
In base 14, what is 2 - 4dc5b7?
-4dc5b5
In base 2, what is -11111110101010010010001 - -111?
-11111110101010010001010
In base 10, what is 3 + -10344264?
-10344261
In base 14, what is -37181 + -d3?
-37274
In base 13, what is -7075aa5 - 2?
-7075aa7
In base 9, what is -23 + 1671325?
1671302
In base 7, what is 5204430 + -465?
5203632
In base 3, what is -1000010 + -2112202211?
-2120202221
In base 8, what is -16007447 + -2?
-16007451
In base 2, what is 1000010100010111010001 - 1?
1000010100010111010000
In base 9, what is 4 - -5458587?
5458602
In base 5, what is -1214040011 - -34?
-1214034422
In base 12, what is -4 - 13458b9?
-1345901
In base 10, what is -36734 + 51?
-36683
In base 8, what is -52 + 2316470?
2316416
In base 9, what is -4 + -12731704?
-12731708
In base 10, what is -485150 - -759?
-484391
In base 16, what is 832a9 - a?
8329f
In base 11, what is -1612395 - -6?
-161238a
In base 10, what is -49 + 2513670?
2513621
In base 8, what is 102235 - -20555?
123012
In base 7, what is -1102 + -535245?
-536350
In base 13, what is bb2201 - 22?
bb21ac
In base 5, what is -212022 + 140?
-211332
In base 9, what is -626704 - -2?
-626702
In base 3, what is 22010110 - 211202?
21021201
In base 15, what is -3446e - -a59?
-33915
In base 10, what is -10 + 1758214?
1758204
In base 10, what is -63 + 923757?
923694
In base 4, what is -112310231213 - 3?
-112310231222
In base 14, what is 9bc7 - -2607?
c3d0
In base 16, what is -1b716 + 219?
-1b4fd
In base 16, what is 17 - -1081b?
10832
In base 16, what is -21d + ca21?
c804
In base 5, what is -132021 - -130403?
-1113
In base 6, what is -151421 + -443?
-152304
In base 3, what is -100220020 + 2022111?
-21120202
In base 6, what is 3005141500 + -4?
3005141452
In base 2, what is 1001010111111 - -1100110100001101?
1101111111001100
In base 5, what is 4422 - 2412343?
-2402421
In base 16, what is -998 + -114d?
-1ae5
In base 2, what is -110000010010010100 + 11?
-110000010010010001
In base 16, what is -e6cfe8d - 6?
-e6cfe93
In base 9, what is 31 - 1868164?
-1868133
In base 13, what is -60 - -7290?
7230
In base 15, what is -1147a - -9?
-11471
In base 15, what is -3 + -8d8bc?
-8d8c0
In base 15, what is 3b29b6 - -4e?
3b2a15
In base 14, what is 32890d - 3a2?
32854b
In base 4, what is 3 + 1222313213210?
1222313213213
In base 16, what is -1cb - -1d9?
e
In base 5, what is 1000202100041 + 4?
1000202100100
In base 10, what is -904 - -29127?
28223
In base 10, what is -166275 + 1364?
-164911
In base 12, what is -2483252 - 5?
-2483257
In base 9, what is 3744 - -6223?
11067
In base 8, what is -4 + -23475703?
-23475707
In base 9, what is -8108 - -114564?
105455
In base 7, what is 1636 + -5050450?
-5045511
In base 8, what is -5 + -21730634?
-21730641
In base 2, what is -10001100000111011011 - 10001101100?
-10001100011001000111
In base 10, what is -41796958 - -13?
-41796945
In base 12, what is -2 + 6878b3?
6878b1
In base 12, what is a - 249169?
-24915b
In base 5, what is 1302 - 20340013?
-20333211
In base 11, what is -853aa + -13?
-85412
In base 7, what is 533004050 - 4?
533004043
In base 12, what is 1371a68b + 2?
1371a691
In base 15, what is 30899 - 2?
30897
In base 12, what is 1708257 - -9?
1708264
In base 6, what is -3 - 134235521?
-134235524
In base 5, what is -122023133034 - -10?
-122023133024
In base 7, what is 1434025 - -532?
1434560
In base 13, what is 4c56222c - 4?
4c562228
In base 5, what is -30 + 100420400?
100420320
In base 3, what is -10 - 20100121020121112?
-20100121020121122
In base 10, what is -22 + 26093025?
26093003
In base 14, what is 4 - -127249b?
12724a1
In base 15, what is 4b9 - 621c?
-5c53
In base 10, what is 128685 + -2629?
126056
In base 10, what is 53008 - 71?
52937
In base 4, what is -20132001121000 - -11?
-20132001120323
In base 8, what is -5 - 174115602?
-174115607
In base 12, what is -43122ba7 + 4?
-43122ba3
In base 4, what is 13112022 + -2231?
13103131
In base 15, what is 7 - -a8a8bc?
a8a8c4
In base 15, what is -2cd4bbc - 9?
-2cd4bc6
In base 5, what is -14002244 + -3?
-14002302
In base 8, what is 5 - 646462527?
-646462522
In base 13, what is -1630b65 - c?
-1630b74
In base 11, what is -5a76 + a20?
-5056
In base 11, what is -1640 + -1448?
-2a88
In base 8, what is -421 + 41223?
40602
In base 2, what is 10000001000001110001 + -1010000010?
10000000110111101111
In base 2, what is 10001110000011010001 - 11001001?
10001110000000001000
In base 2, what is -1010100000011010 + 1000110010?
-1010010111101000
In base 3, what is 22111021 - -102020?
22220111
In base 16, what is -a8078 - d?
-a8085
In base 7, what is 2124041 - -50?
2124121
In base 9, what is 0 - -8241265?
8241265
